{"id":858,"date":"2025-02-19T16:01:24","date_gmt":"2025-02-19T14:01:24","guid":{"rendered":"https:\/\/beerboard.hu\/?post_type=product&#038;p=858"},"modified":"2025-02-19T16:13:44","modified_gmt":"2025-02-19T14:13:44","slug":"permon-winter-ale","status":"publish","type":"product","link":"https:\/\/beerboard.hu\/?product=permon-winter-ale","title":{"rendered":"Permon Winter ALE"},"content":{"rendered":"","protected":false},"excerpt":{"rendered":"<p>Szezon\u00e1lis s\u00f6r, gazdag mal\u00e1t\u00e1s \u00edzzel, ide\u00e1lis v\u00e1laszt\u00e1ss\u00e1 teszi a hideg t\u00e9li est\u00e9kre. \u00cdze p\u00f6rk\u00f6lt mal\u00e1t\u00e1s, enyh\u00e9n di\u00f3s, nagyobb keser\u0171s\u00e9ggel \u00e9s citrusos koml\u00f3val, mindez \u00f6tv\u00f6zve a f\u0171szerek, bors \u00e9s tr\u00f3pusi gy\u00fcm\u00f6lcs\u00f6k jegyeivel. Felhaszn\u00e1lt koml\u00f3: Columbus, Cascade, Citra Koml\u00f3k\u00a0 \u00a0Felhaszn\u00e1lt Mal\u00e1ta: Pilsner, Pale Ale<\/p>\n<p>Fels\u0151erjeszt\u00e9s\u0171, sz\u0171retlen, paszt\u00f6riz\u00e1latlan.<\/p>\n<p>Alk.: 5,5%<\/p>\n<p>EPM: 13\u00b0<\/p>\n<p>IBU: 49<\/p>\n","protected":false},"featured_media":859,"comment_status":"open","ping_status":"closed","template":"","meta":[],"product_cat":[20,27],"product_tag":[],"class_list":{"0":"post-858","1":"product","2":"type-product","3":"status-publish","4":"has-post-thumbnail","6":"product_cat-permon","7":"product_cat-minden-aru","9":"entry","10":"has-media","12":"first","13":"instock","14":"shipping-taxable","15":"product-type-simple","16":"has-product-nav","17":"col","18":"span_1_of_4","19":"owp-content-center","20":"owp-thumbs-layout-horizontal","21":"owp-btn-big","22":"owp-tabs-layout-horizontal","23":"has-no-thumbnails"},"_links":{"self":[{"href":"https:\/\/beerboard.hu\/index.php?rest_route=\/wp\/v2\/product\/858","targetHints":{"allow":["GET"]}}],"collection":[{"href":"https:\/\/beerboard.hu\/index.php?rest_route=\/wp\/v2\/product"}],"about":[{"href":"https:\/\/beerboard.hu\/index.php?rest_route=\/wp\/v2\/types\/product"}],"replies":[{"embeddable":true,"href":"https:\/\/beerboard.hu\/index.php?rest_route=%2Fwp%2Fv2%2Fcomments&post=858"}],"wp:featuredmedia":[{"embeddable":true,"href":"https:\/\/beerboard.hu\/index.php?rest_route=\/wp\/v2\/media\/859"}],"wp:attachment":[{"href":"https:\/\/beerboard.hu\/index.php?rest_route=%2Fwp%2Fv2%2Fmedia&parent=858"}],"wp:term":[{"taxonomy":"product_cat","embeddable":true,"href":"https:\/\/beerboard.hu\/index.php?rest_route=%2Fwp%2Fv2%2Fproduct_cat&post=858"},{"taxonomy":"product_tag","embeddable":true,"href":"https:\/\/beerboard.hu\/index.php?rest_route=%2Fwp%2Fv2%2Fproduct_tag&post=858"}],"curies":[{"name":"wp","href":"https:\/\/api.w.org\/{rel}","templated":true}]}}